{"id":160,"date":"2015-02-24T15:27:39","date_gmt":"2015-02-24T15:27:39","guid":{"rendered":"http:\/\/radosovce.fara.sk\/?page_id=160"},"modified":"2015-03-15T18:22:38","modified_gmt":"2015-03-15T17:22:38","slug":"dubovce","status":"publish","type":"page","link":"https:\/\/radosovce.fara.sk\/?page_id=160","title":{"rendered":"Dubovce"},"content":{"rendered":"<h1 style=\"text-align: center;\"><span style=\"color: #0000ff;\"><strong>Kostol sv. Antona<\/strong><\/span><\/h1>\n<h4 style=\"text-align: left;\"><a href=\"https:\/\/radosovce.fara.sk\/wp-content\/uploads\/2015\/02\/DSCN0126.jpg\"><span style=\"color: #000000;\">V \u010dasti Vidovany sa nach\u00e1dza kostol a\u00a0 obnoven\u00fd tzv. Blan\u00e1rovsk\u00fd kr\u00ed\u017e (stavan\u00fd).\u00a0 Kostol bol postaven\u00fd v roku 1902. Vidovansk\u00ed ob\u010dania tento kostol zasv\u00e4tili ku cti sv. Antona.\u00a0<\/span><\/a><\/h4>\n\n\t\t<style type=\"text\/css\">\n\t\t\t#gallery-1 {\n\t\t\t\tmargin: auto;\n\t\t\t}\n\t\t\t#gallery-1 .gallery-item {\n\t\t\t\tfloat: left;\n\t\t\t\tmargin-top: 10px;\n\t\t\t\ttext-align: center;\n\t\t\t\twidth: 33%;\n\t\t\t}\n\t\t\t#gallery-1 img {\n\t\t\t\tborder: 2px solid #cfcfcf;\n\t\t\t}\n\t\t\t#gallery-1 .gallery-caption {\n\t\t\t\tmargin-left: 0;\n\t\t\t}\n\t\t\t\/* see gallery_shortcode() in wp-includes\/media.php *\/\n\t\t<\/style>\n\t\t<div id='gallery-1' class='gallery galleryid-160 gallery-columns-3 gallery-size-thumbnail'><dl class='gallery-item'>\n\t\t\t<dt class='gallery-icon landscape'>\n\t\t\t\t<a href='https:\/\/radosovce.fara.sk\/wp-content\/uploads\/2015\/02\/DSCN0126.jpg'><img loading=\"lazy\" decoding=\"async\" width=\"150\" height=\"150\" src=\"https:\/\/radosovce.fara.sk\/wp-content\/uploads\/2015\/02\/DSCN0126-150x150.jpg\" class=\"attachment-thumbnail size-thumbnail\" alt=\"\" data-wp-pid=\"458\" \/><\/a>\n\t\t\t<\/dt><\/dl><dl class='gallery-item'>\n\t\t\t<dt class='gallery-icon portrait'>\n\t\t\t\t<a href='https:\/\/radosovce.fara.sk\/wp-content\/uploads\/2015\/02\/DSCN0127.jpg'><img loading=\"lazy\" decoding=\"async\" width=\"150\" height=\"150\" src=\"https:\/\/radosovce.fara.sk\/wp-content\/uploads\/2015\/02\/DSCN0127-150x150.jpg\" class=\"attachment-thumbnail size-thumbnail\" alt=\"\" data-wp-pid=\"459\" \/><\/a>\n\t\t\t<\/dt><\/dl><dl class='gallery-item'>\n\t\t\t<dt class='gallery-icon landscape'>\n\t\t\t\t<a href='https:\/\/radosovce.fara.sk\/wp-content\/uploads\/2015\/02\/DSCN0128.jpg'><img loading=\"lazy\" decoding=\"async\" width=\"150\" height=\"150\" src=\"https:\/\/radosovce.fara.sk\/wp-content\/uploads\/2015\/02\/DSCN0128-150x150.jpg\" class=\"attachment-thumbnail size-thumbnail\" alt=\"\" data-wp-pid=\"460\" \/><\/a>\n\t\t\t<\/dt><\/dl><br style=\"clear: both\" \/>\n\t\t<\/div>\n\n<h1 style=\"text-align: center;\"><strong><span style=\"color: #0000ff;\">Kostol sv. \u017dofie<\/span><\/strong><\/h1>\n<h4>V\u00a0 \u010dasti Vl\u010dkovany sa nach\u00e1dza kostol sv. \u017dofie, pred n\u00edm kr\u00ed\u017e a kaplnka.V\u00fdstavba kostola prebiehala v rokoch 1866 &#8211; 1868. Stavite\u013eom kostola bol vl\u010dkovansk\u00fd rod\u00e1k Zongor. Hne\u010f po v\u00fdstavbe kostola ma\u013eby preveden\u00e9 neboli,kostol bol bielen\u00fd len v\u00e1pnom. Prv\u00e1 ma\u013eba bola v roku 1905. Polovicu pe\u0148az\u00ed potrebn\u00fdch na v\u00fdstavbu kostola dala \u017dofia Terakov\u00e1, vdova. Preto bol kostol zasv\u00e4ten\u00fd ku cti sv. \u017dofie. Druhou polovicou prispeli ob\u010dania.<\/h4>\n\n\t\t<style type=\"text\/css\">\n\t\t\t#gallery-2 {\n\t\t\t\tmargin: auto;\n\t\t\t}\n\t\t\t#gallery-2 .gallery-item {\n\t\t\t\tfloat: left;\n\t\t\t\tmargin-top: 10px;\n\t\t\t\ttext-align: center;\n\t\t\t\twidth: 33%;\n\t\t\t}\n\t\t\t#gallery-2 img {\n\t\t\t\tborder: 2px solid #cfcfcf;\n\t\t\t}\n\t\t\t#gallery-2 .gallery-caption {\n\t\t\t\tmargin-left: 0;\n\t\t\t}\n\t\t\t\/* see gallery_shortcode() in wp-includes\/media.php *\/\n\t\t<\/style>\n\t\t<div id='gallery-2' class='gallery galleryid-160 gallery-columns-3 gallery-size-thumbnail'><dl class='gallery-item'>\n\t\t\t<dt class='gallery-icon landscape'>\n\t\t\t\t<a href='https:\/\/radosovce.fara.sk\/wp-content\/uploads\/2015\/02\/DSCN0130.jpg'><img loading=\"lazy\" decoding=\"async\" width=\"150\" height=\"150\" src=\"https:\/\/radosovce.fara.sk\/wp-content\/uploads\/2015\/02\/DSCN0130-150x150.jpg\" class=\"attachment-thumbnail size-thumbnail\" alt=\"\" data-wp-pid=\"463\" \/><\/a>\n\t\t\t<\/dt><\/dl><dl class='gallery-item'>\n\t\t\t<dt class='gallery-icon landscape'>\n\t\t\t\t<a href='https:\/\/radosovce.fara.sk\/wp-content\/uploads\/2015\/02\/DSCN0132.jpg'><img loading=\"lazy\" decoding=\"async\" width=\"150\" height=\"150\" src=\"https:\/\/radosovce.fara.sk\/wp-content\/uploads\/2015\/02\/DSCN0132-150x150.jpg\" class=\"attachment-thumbnail size-thumbnail\" alt=\"\" srcset=\"https:\/\/radosovce.fara.sk\/wp-content\/uploads\/2015\/02\/DSCN0132-150x150.jpg 150w, https:\/\/radosovce.fara.sk\/wp-content\/uploads\/2015\/02\/DSCN0132-1200x1200.jpg 1200w\" sizes=\"auto, (max-width: 150px) 100vw, 150px\" data-wp-pid=\"465\" \/><\/a>\n\t\t\t<\/dt><\/dl><dl class='gallery-item'>\n\t\t\t<dt class='gallery-icon portrait'>\n\t\t\t\t<a href='https:\/\/radosovce.fara.sk\/wp-content\/uploads\/2015\/02\/DSCN0131.jpg'><img loading=\"lazy\" decoding=\"async\" width=\"150\" height=\"150\" src=\"https:\/\/radosovce.fara.sk\/wp-content\/uploads\/2015\/02\/DSCN0131-150x150.jpg\" class=\"attachment-thumbnail size-thumbnail\" alt=\"\" data-wp-pid=\"464\" \/><\/a>\n\t\t\t<\/dt><\/dl><br style=\"clear: both\" \/>\n\t\t<\/div>\n\n","protected":false},"excerpt":{"rendered":"<p>Kostol sv. Antona V \u010dasti Vidovany sa nach\u00e1dza kostol a\u00a0 obnoven\u00fd tzv. Blan\u00e1rovsk\u00fd kr\u00ed\u017e (stavan\u00fd).\u00a0 Kostol bol postaven\u00fd v roku 1902. Vidovansk\u00ed ob\u010dania tento kostol zasv\u00e4tili ku cti sv. Antona.\u00a0 Kostol sv. \u017dofie V\u00a0 \u010dasti Vl\u010dkovany sa nach\u00e1dza kostol sv. \u017dofie, pred n\u00edm kr\u00ed\u017e a kaplnka.V\u00fdstavba kostola prebiehala v rokoch 1866 &#8211; 1868. Stavite\u013eom kostola &hellip; <\/p>\n<p><a class=\"more-link btn\" href=\"https:\/\/radosovce.fara.sk\/?page_id=160\">Chcem vedie\u0165 viac<\/a><\/p>\n","protected":false},"author":1,"featured_media":0,"parent":77,"menu_order":0,"comment_status":"closed","ping_status":"open","template":"","meta":{"ngg_post_thumbnail":0,"footnotes":""},"class_list":["post-160","page","type-page","status-publish","hentry","nodate","item-wrap"],"_links":{"self":[{"href":"https:\/\/radosovce.fara.sk\/index.php?rest_route=\/wp\/v2\/pages\/160","targetHints":{"allow":["GET"]}}],"collection":[{"href":"https:\/\/radosovce.fara.sk\/index.php?rest_route=\/wp\/v2\/pages"}],"about":[{"href":"https:\/\/radosovce.fara.sk\/index.php?rest_route=\/wp\/v2\/types\/page"}],"author":[{"embeddable":true,"href":"https:\/\/radosovce.fara.sk\/index.php?rest_route=\/wp\/v2\/users\/1"}],"replies":[{"embeddable":true,"href":"https:\/\/radosovce.fara.sk\/index.php?rest_route=%2Fwp%2Fv2%2Fcomments&post=160"}],"version-history":[{"count":0,"href":"https:\/\/radosovce.fara.sk\/index.php?rest_route=\/wp\/v2\/pages\/160\/revisions"}],"up":[{"embeddable":true,"href":"https:\/\/radosovce.fara.sk\/index.php?rest_route=\/wp\/v2\/pages\/77"}],"wp:attachment":[{"href":"https:\/\/radosovce.fara.sk\/index.php?rest_route=%2Fwp%2Fv2%2Fmedia&parent=160"}],"curies":[{"name":"wp","href":"https:\/\/api.w.org\/{rel}","templated":true}]}}